v) be the second derivative of -7*v**3/6 + v**2 - 8*v - 8. Determine c(1).
-5
Let x(c) = -c + 5. Let a(v) = v**3 - 13*v**2 - 12*v - 20. Suppose 0*b - b + 14 = 0. Let y be a(b). Determine x(y).
-3
Let o = -337 - -329. Let d(r) = r**2 + 7*r + 4. Calculate d(o).
12
Let a(w) be the second derivative of -w**5/20 + 5*w**4/12 + 3*w**3/2 - 3*w**2 - 50*w. Suppose 3*r - 24 = -r. Determine a(r).
12
Let w(d) = -3*d + 4. Let f(n) = -5*n + 5. Let u(x) = -2*f(x) + 3*w(x). Calculate u(-6).
-4
Let p(h) = -h**2 - h - 2. Suppose -z = -4*r, -3*r - 83 + 15 = -5*z. Let v be (18/5)/(6 + 261/(-45)). Let i = z - v. What is p(i)?
-4
Let k(d) be the first derivative of d**2/2 - 11*d + 426. Give k(-6).
-17
Let s(t) be the first derivative of t**4/4 - 5*t**3/3 - 4*t**2 - 2. Let b(g) = 3*g - 45. Suppose 4*y = -6 + 74. Let i be b(y). Calculate s(i).
-12
Let r = -2 + 4. Suppose 3*l + l + 4 = -4*n, -n - 11 = 3*l. Suppose 2*x + 3 + 3 = g, -n*g - r*x + 14 = 0. Let i(u) = -u**2 + 4*u - 4. Give i(g).
-4
Let w(j) = j**2 + 2*j + 20. Let a be w(6). Let o(u) = 36*u**2 - 12 - a*u**2 + 9*u + 31*u**2. Give o(8).
-4
Let q(c) = -2*c + 14. Let b(v) = v - 14. Let x(i) = -3*b(i) - 2*q(i). Calculate x(-17).
-3
Let x(o) = -31*o + 18*o + 14*o + 2 - 1. What is x(8)?
9
Let h(o) = o**2 - 4*o + 6. Let z(u) = 2*u**2 + 7*u - 1. Let q be z(-4). Calculate h(q).
3
Let a be (-3)/9 - 17/3. Let d = 15 - 13. Let m(n) = -7*n**d - n**3 - n - 3*n + 0*n**3 + 7. What is m(a)?
-5
Suppose 9*p = 5*p + 20. Suppose p*y + 4 - 19 = 0. Let a(s) = s**2 - 2*s - 2. Give a(y).
1
Let t(v) = -194*v - 193*v + 3 - 1 + 391*v - 3. Give t(3).
11
Let f(b) = -12*b - 1 + b + 18 + 12*b. What is f(0)?
17
Let j(h) = 2*h**2 + 23*h - 1. Let g(x) = x**2 + 11*x - 1. Let b(l) = 7*g(l) - 3*j(l). Calculate b(-5).
-19
Let p(s) = 5*s + 382 - 6*s - 391. Give p(4).
-13
Let x(n) be the second derivative of 1/24*n**4 + 0 - 2/15*n**5 + n**2 + 0*n**3 - 5*n. Let f(b) be the first derivative of x(b). Determine f(1).
-7
Suppose -y + 3 - 5 = 0. Let p be -1*((-12)/36)/(y/30). Let d(a) = -a**3 - 6*a**2 - 7*a - 1. What is d(p)?
9
Let z(u) = -4*u + 5. Let w(n) = 3*n + 8. Let j be w(-5). Give z(j).
33
Let y(p) = 3*p**2 - 48*p - 51. Let x be y(17). Let i(q) = 3*q + 1. Calculate i(x).
1
Let p(w) = w**2 - 5*w + 2. Let d(j) = -6*j - 1. Let u(q) = 5*q + 1. Let o(f) = -4*d(f) - 6*u(f). Let a be o(4). Let y = -23 - a. Determine p(y).
-4
Let v(j) be the second derivative of -j**3/2 + 19*j**2/2 - j + 262. Determine v(7).
-2
Let r(h) = h - 5. Let y be (-10)/((-6)/3)*1. Let w be r(y). Let f(v) = w*v - 9 - 3*v + 5*v. Calculate f(6).
3
Let x(i) be the third derivative of -i**6/120 + i**5/60 + 7*i**4/12 - 3*i**3/2 - 285*i**2. What is x(4)?
-1
Suppose -d = 3*k - 6, -4*d - 2*k + 2 = 8. Let p be 3*((-2)/(-1) + d). Let l be (-18)/8*(-8)/p. Let x(f) = f + 7. What is x(l)?
1
Let n be 1*((3 - 2)*-1 + 4). Let g(p) = -2*p**2 - p**n + 0*p**3 - 4 + 6*p + 0*p**2 + 5*p**2. Give g(4).
4
Let z be (0 - (-2)/2)*5. Suppose -4*n + 13 = -7. Let f(s) = -3 + n - 3*s + 0*s. Calculate f(z).
-13
Suppose 3*t - 11 = 4. Let x(k) = 2*k**2 - 2*k**3 + 2*k**2 + 6*k + k**3 - 27 + 23. Calculate x(t).
1
Let b(g) = 5*g**3 + 4*g**2 + 5*g + 7. Let n(j) = 4*j**3 + 3*j**2 + 4*j + 4. Let t(k) = -3*b(k) + 4*n(k). Give t(0).
-5
Let s(q) = -q**3 + 5 - 126*q + 120*q - 92*q**2 + 85*q**2. Give s(-6).
5
Let j(r) = 27*r - 2. Let s(t) = 23*t - 1. Let a(f) = 5*j(f) - 6*s(f). Calculate a(-4).
8
Suppose 2*r + 24 = 8*r. Suppose r*b - b - 6 = 0. Let k(s) = s + s**3 - 166*s**2 + b + 166*s**2. Determine k(0).
2
Let u(y) be the third derivative of 11*y**6/120 - y**5/60 + y**3/6 - 37*y**2 - y. What is u(-1)?
-11
Let g be (-3)/(-12) + 2/(-8). Let c(n) be the first derivative of 5*n + 0*n**2 + 8 + 1/3*n**3 - 1/4*n**4. Calculate c(g).
5
Let p(k) = -2*k**3 + 3*k**2 + 2*k + 2. Let y = -36 - -39. What is p(y)?
-19
Suppose 7*w + 41 = 188. Let j = -26 + w. Let a(v) = -v**2 - 3*v + 5. What is a(j)?
-5
Let y = 2 - 5. Let k(u) = -2*u - 5. Let p(i) = -6*i - 11. Suppose v - 7 = -4*l, 6*v - 10*v - 6 = -l. Let n(o) = l*p(o) - 5*k(o). Determine n(y).
9
Let z(k) = k**3 - 3*k**2 + 0*k + 75 + 2*k + k - 83. What is z(3)?
1
Let m be (-731)/51 - 20/12. Let a(x) = -x - 15. Determine a(m).
1
Let i(a) = -a**3 + 3*a**2 + 5*a - 5. Suppose -2 = 14*z - 15*z. Let t(v) = v**3 + v**2 - 5*v + 2. Let o be t(z). Calculate i(o).
-1
Let f(o) = -o**3 - 18*o**2 - 33*o - 6. Let b be f(-16). Let a(k) = -b - 5*k**2 - 9*k + 0*k**2 + 2*k + 6*k**2. Give a(9).
8
Let n(y) = y**2 - 8*y - 13. Suppose 21 = 3*j - 4*p, -3*j - 2*j + 5*p + 40 = 0. Calculate n(j).
20
Let r(b) = b**2 + 13*b. Let x be r(-5). Let u = x + 43. Let p(i) = i**2 - 3*i - 1. Give p(u).
-1
Suppose 7*f + 2 = 4*f - 4*b, -5*b = 5*f. Let o(k) = -k + 7*k**3 + k**2 + 6*k**2 - 10*k**3 + 7 + f*k**3. What is o(7)?
0
Let l(c) = -c + 2. Let q(y) = y**3 - 11*y**2 + 9*y + 14. Let g be q(10). Suppose 2*d = 2*w + 44, -4*w + g = -3*w. Suppose -28*z + d*z + 8 = 0. Give l(z).
-2
Suppose 3*u + 2*l + 7 = 0, -5*u + 6*u = 5*l + 26. Let m(g) = -19*g**3 + 1. Determine m(u).
-18
Let t(l) be the first derivative of l**4/4 - 3*l**3 + 9*l**2/2 + l - 372. What is t(8)?
9
Let z = -1013 - -1012. Let s(b) = 12*b**3 + 2*b - b - b**3. Give s(z).
-12
Let g = 126 + -119. Let h(y) = y**2 + 33 - g*y - 38 + 8*y. Give h(0).
-5
Let p(s) = -3 + 2*s + 8*s - 7*s + s. Calculate p(6).
21
Let i(k) = -2*k - 4. Suppose -3*c + o = 3, -o + 3 = 2*c - 0*o. Suppose 6*f = -c*f. Suppose 0 = 4*r + 5*j + 32, f*r + 5*j = -r - 23. What is i(r)?
2
Let g(p) be the second derivative of -p**4/6 - 4*p**3/3 + 3*p**2 + 71*p. Calculate g(-6).
-18
Let u = -5 - -8. Let o be (u - 6)*(-4)/(-3). Let p(a) = -7*a**2 + 7*a - 17. Let w(g) = -9*g**2 + 8*g - 22. Let m(k) = 5*p(k) - 4*w(k). What is m(o)?
7
Let o be 4/(-12)*(1 - 7). Let w(s) = s**2 - 10*s + 11. Let g be w(9). Let y(a) = -4*a - 5*a + o*a**g + 6*a. Calculate y(2).
2
Let c(r) = r**2 - 11*r - 25. Let x be c(13). Let p(d) = -5*d**3 - 2*d**2 + 2*d - 1. Calculate p(x).
-6
Suppose 3*x - 8*x - 10 = -2*f, 2*f = -4*x + 10. Let z(m) be the second derivative of -5/12*m**4 - 1/6*m**3 + m + 2*m**2 + 1/20*m**5 + 0. What is z(f)?
-1
Let k(g) = 2*g**2 - 14*g - 7. Let c = 426 + -418. Determine k(c).
9
Let l = -186 - -178. Let v(p) = 2*p + 9. Give v(l).
-7
Let q(u) = -40 + 12 - u + 24. What is q(4)?
-8
Let a(i) = -i**2 - 10*i - 10. Suppose 6 + 3 = -y. Let d be a(y). Let w(q) = 3*q**3 + 1. Determine w(d).
-2
Let q(v) = -2 + 0*v**2 - 2*v**2 + 3*v + 136*v**3 + 1 - 134*v**3. What is q(1)?
2
Let z = 242/3 - 161/2. Let i(y) be the second derivative of z*y**3 - 1/2*y**2 + 0 + 4*y. Give i(0).
-1
Let b(l) = l - 1. Suppose 4*k = -5*o + 11, 0 = -2*o + 4*o - k + 6. Let s(t) = -4*t + 5. Let g(x) = o*s(x) - 2*b(x). Calculate g(6).
9
Suppose u - n = 3, -8*u - 10 = -10*u - 2*n. Let k(w) be the first derivative of -w**4/4 + 5*w**3/3 - w**2/2 - 3*w + 1. Calculate k(u).
9
Let o(m) be the third derivative of -m**5/20 + 226*m**2. Determine o(0).
0
Let j(i) = i**3 - 4*i**2 - 3*i - 6. Let b be j(5). Let r(k) be the third derivative of 5/6*k**3 + 0*k - 1/12*k**4 + 20*k**2 + 0. Calculate r(b).
-3
Let w(y) = -17 + 4*y**2 + y + 44 - 23 + 6*y. Let u(b) = 7*b**2 + 15*b + 6. Let v(d) = 3*u(d) - 5*w(d). Give v(-9).
-11
Let w(i) = -i + 7. Let f be w(6). Let x be 5/2*(5/(-5) - -3). Let q(v) = -v**3 + 1 + 2*v**3 + x*v**3 - v**2 + 2*v - 2. Calculate q(f).
6
Let i(c) = 2*c**2 + 64*c - 62. Let v be i(-33). Let b(t) = -t**2 + 4*t + 2. Calculate b(v).
2
Let a(i) be the first derivative of i**4/12 + i**3/2 + i**2 - i + 10. Let f(z) be the first derivative of a(z). Determine f(-4).
6
Suppose 375 = 54*u + 51. Let b(w) = w**2 + 4*w - 8. What is b(u)?
52
Let h(y) be the second derivative of y**3/3 + 2*y**2 - y. Suppose -7*q = 29 + 209. Let r be ((-85)/q)/((-2)/4). Calculate h(r).
-6
Let j(s) = -44*s + 184*s - 48*s - 36 - 47*s - 49*s. Calculate j(-7).
-8
Let f be 1/(6/12) - -3. Let g(m) = m**2 + 1. What is g(f)?
26
Let q(p) = p**3 - 3*p**2 + 2*p - 7. Let l = 271 - 268. What is q(l)?
-1
Let q(z) = 6*z + 1. Let y(l) = -3*l. Let o = 20 - 33. Let s(d) = o*y(d) - 6*q(d). Determine s(7).
15
Let n(f) be the first derivative of -2*f**5/5 - f**4/6 - f**3/3 - f**2/2 - 6*f - 1. Let c(i) be the first derivative of n(i). Determine c(-1).
7
Let x(o) = 82*o - 30*o - 27*o - 24*o - 11. Determine x(0).